3))?
-19
Evaluate -304 - -289 - (1 - (0 - -5)).
-11
Calculate -1 + -8 + (16 - 9) + 0 + 7.
5
What is -13 - (-7 - 9 - (10 - -6))?
19
Calculate 4 - (-11 - (-37 + 14)).
-8
Evaluate (-1 - -2 - 5) + (9 + -1 - 7).
-3
4 + (10 - (8 - 4) - 8) + -4
-2
Evaluate (-3 - (-14 + (-2 - -8))) + -7.
-2
What is 11 - -8 - (21 - -7)?
-9
Evaluate -2 + 4 + -9 + 6 + -10.
-11
-11 - (14 + -5) - (-18 - (-11 + 0))
-13
What is the value of (-2 - 2 - -1) + -12 + 5 + -2?
-12
Calculate -8 - ((7 - 9) + -10).
4
What is the value of 224 - 237 - (-40 - -1)?
26
What is 16 - 12 - -1 - -4?
9
What is -4 - -3 - (46 + -56) - 4?
5
What is 7 + (-6 - (3 + 1 - 4))?
1
Calculate 8 - -2 - (-3 + 9 + -10 + 12).
2
What is the value of 1 + (-2 + 5 - -4 - -2) - -2?
12
Evaluate 15 + 42 + -21 + -45.
-9
Calculate -39 - 1 - -25 - (2 - -4).
-21
(6 - (4 - 2)) + -13 - (-78 - -83)
-14
Evaluate -2 + (1 - 5) + 12 + 0 + -8.
-2
What is the value of 60 + (-12 - 31) - (-4 - -5)?
16
What is the value of 19 + (15 - (89 + -30))?
-25
Evaluate 1 - 3 - 2 - (27 - 37).
6
Evaluate 12 + (-30 + 66 - (-9 - -25)).
32
What is the value of 1 + -1 + 3 + (-14 - -7) + -6?
-10
Evaluate (8 - -1) + 25 + -40.
-6
8 + -6 + 1 + (6 - -1) - -10
20
What is 27 + (-12 - (-2 - -7))?
10
What is the value of (55 - 36) + (6 + (-5 - -4) - 12)?
12
What is the value of 0 - 1 - (37 - (16 + 1))?
-21
What is 3 + -9 + 3 + -1 + -11?
-15
What is -45 + 34 + (6 - -1)?
-4
-5 + (62 - 9) + -28
20
What is -3 + (13 - (-13 - -25))?
-2
What is the value of -5 - -3 - (-33 - -22)?
9
Calculate (0 - 2) + 3 + -1 + (39 - 35).
4
Calculate -204 - -197 - (-1 + 2 + -8).
0
Evaluate 3 + 1 - (9 - (8 + 5 - 7)).
1
What is the value of 4 + -3 - (1 + -1 + 9) - 1?
-9
46 - 44 - (8 - 22)
16
What is 10 + -3 - 8 - 8?
-9
Calculate 1 - -3 - (-872 + 855).
21
4 - 0 - -5 - (17 - 10) - 17
-15
What is 7 + (3 - ((1 - (-1 - -8)) + 7))?
9
-23 - (-22 + -1 - -5 - (-12 + 1))
-16
Evaluate 9 - (11 + -17 + 10 - -4).
1
Evaluate (35 + -15 - 12 - 13) + (-10 - -1).
-14
Evaluate -1 + 0 + -1 + (-38 - -34) - -2.
-4
What is (4 - (-1 - -1)) + (537 - 550)?
-9
What is the value of 21 - 16 - 23 - -16?
-2
(79 - 67) + -4 + -6
2
Evaluate 1 - 5 - (22 + -11 - 1).
-14
10 - -2 - 1 - (8 + -24 - -9)
18
What is the value of -24 + -4 + (-14 + 34 - 14)?
-22
1 - -6 - (23 + -10 + -10)
4
What is the value of 4 + -5 + (2 + -6 + -8 - -15)?
2
What is 26 + (27 + -26 - 4)?
23
What is the value of -4 + (0 - -1 - -7)?
4
What is -22 + 23 + 12 + -11 - (5 - 2)?
-1
What is 9 - (-27 + 51 - 37)?
22
-12 - (-4 - -1) - -4 - -27
22
Calculate 34 - (24 + (-8 - (12 - 8))).
22
0 + -7 - -14 - ((4 - -1) + -1)
3
What is the value of 8 + 0 + -1 + -27 + -4 + 12?
-12
Evaluate 52 + 44 + -103 - (-1 + 11 - 1).
-16
What is the value of (-13 - (-8 + 12 - 4)) + 1?
-12
What is (0 - 12) + -276 + 301?
13
What is the value of 112 - 110 - (2 + 2 + 8)?
-10
(-6 + (5 - -7) - (1 - 1)) + 5
11
Evaluate 11 + -7 + 18 + 7 + -3.
26
Calculate -2 + 4 + (7 - 5) + 2 + -18.
-12
What is the value of 20 + 0 + -48 + -8?
-36
Evaluate 17 + (-2 - -3) + -6 + 0.
12
Evaluate 72 + -24 + 24 + -42.
30
What is the value of 0 - (4 - 3 - -8)?
-9
Evaluate -5 + -19 - -11 - 0 - -29.
16
Evaluate -1 + -10 - -11 - 0.
0
What is the value of -19 - (-12 - (11 - 0))?
4
Calculate (0 - 20) + (-121 - -117) + 9 + 1.
-14
Calculate 6 - -2 - (11 - -9 - 13).
1
What is the value of (-17 - -28) + (-6 - -31) + -3 + 0?
33
Evaluate (-75 - -78) + (0 + 2 - 2) + 7.
10
What is (-19 - (-8 + 2 + -1 - -2)) + 1?
-13
-159 + 183 + 6 + -3
27
Evaluate -6 - (-9 + (0 - -8) + (39 - 44)).
0
What is -6 + (10 - 6) + 15?
13
What is the value of -38 + 20 + -3 + 3?
-18
-16 - (9 + -30 - -11)
-6
(2 - 3) + 0 - (-5 + -20 + 1)
23
16 - (31 + -66 + 34 - (0 + -3))
14
What is the value of 0 + (9 - 7) + -12 - (-1 - 2)?
-7
Calculate -10 + (25 - 2) + -7.
6
(2 + 1 - (0 - -3)) + (-2 - 1)
-3
What is the value of 1 + 0 + (-5 - -4 - 3) + -2?
-5
(-3 - 4) + (-2 - -10)
1
What is the value of -2 - ((-14 - -10) + -5)?
7
What is the value of 2 - 20 - (120 - 110 - (0 + 8))?
-20
What is 26 - 30 - (8 + -15)?
3
What is the value of (-4 - 9) + 22 + -3 + -10?
-4
-20 + (11 + 13 - 20)
-16
What is -17 + (-9 - (-9 - -3) - -8)?
-12
1 - (12 - 8) - (-16 - -13)
0
3 - (-7 + 4 - -15)
-9
-3 + (0 - -3) - (13 - (-28 + 27))
-14
What is the value of (-1 - 4) + (11 + -19 - 3)?
-16
What is the value of (-2 - (5 - 2)) + -5 + 3 + 0?
-7
Evaluate -7 - (13 + (-1 - 1) - (-87 + 92)).
-13
Evaluate -3 + 8 + (-10 - -6 - 1).
0
Evaluate -1 + -1 - (-10 + 15 + -9).
2
What is the value of -7 - (-10 - (11 - 25))?
-11
What is -11 - (-12 - (1 - (0 + 9)))?
-7
What is the value of -1 + 11 + -1 - (100 - 100)?
9
What is the value of -372 + 374 - (-1 + 1 + -4 - 1)?
7
Evaluate (-43 - 26) + 25 + 30.
-14
What is 10 - 6 - -4 - 2 - (-14 - -31)?
-11
(-8 - 9) + 12 - (-3 - 1)
-1
Evaluate -38 + 23 + 7 - (0 + -2).
-6
Calculate -117 - -118 - (0 - -9 - 2).
-6
What is -1 - (-9 + 1 + 3 + 10)?
-6
Evaluate -12 - 1 - (28 + -53).
12
Evaluate 3 - -4 - ((19 - 24) + (3 - 16)).
25
Calculate (-9 - -17 - (-11 - -22)) + -15.
-18
Calculate 3 - (-8 - -8) - (8 - 5).
0
What is 148 - 139 - ((3 - (-1 - 11)) + 3)?
-9
Evaluate -8 + -16 + 8 + 13 + 2.
-1
-19 - ((27 - 15) + -21 - -12)
-22
What is the value of 3 + (2 - 2) - ((30 - 10) + -17)?
0
1 + 2 - (10 + -19 + (20 - 4))
-4
Evaluate 0 + 12 - (-5 - -8).
9
Calculate (3 - 9) + 5 - (-1 + -1 + -4).
5
0 + -2 + 1 + (3 - 5 - -6)
3
(5 - (3 + -6)) + 16 + -9
15
(30 - -4) + -13 + -13 + (3 - 0)
11
Evaluate -2 + -3 + 6 + (8 - 13) + 15.
11
Calculate 0 + -6 + (9 - 6).
-3
What is the value of (-85 - -62) + (-5 - -2) + -4?
-30
Calculate (-3 - 0) + 7 - (1 + (21 - 22)).
4
Calculate 4 + (1 + 0 + -8 + 24 - 7).
14
What is 6 + -23 + (-2 + 2 - 2)?
-19
Calculate (-126 - -137) + -2 + -6 + 0.
3
What is the value of -8 - (4 + -6 - (1 - 0))?
-5
0 - (1 + -14) - (5 - -1)
7
What is -23 - 0 - (-4 - 69 - -75)?
-25
Evaluate (4 - -1) + 7 + (-4 - (-15 + 9)).
14
What is -125 + 95 - (-27 + -1)?
-2
What is -1 - (0 - 3 - (20 - 7 - 18))?
-3
Calculate -3 + (1 - (-5 - -8)) + 9 + 10.
14
Calculate (-14 - 2 - (-237 + 247)) + 1 + 6.
-19
What is 31 - (21 - 20 - -41)?
-11
What is the value of 2 + 1 + 7 + -6 + -74 + 78?
8
What is 5 - (8 + 3) - (-8 + 8 - 0)?
-6
Evaluate -10 + (-8 - -6 - (11 + (-9 - 7))).
-7
What is the value of 13 + -4 - (-19 + (-24 - -52))?
0
Calculate -6 - (-1 - (-3 - -5)) - 1.
-4
What is -27 + 4 + 17 + 22 + -1?
15
-30 + (-38 - -9) + 29
-30
What is -4 + (-13 - -11) - (-5 + 2 - -3)?
-6
-9 - 1 - (17 - -13 - 39)
-1
Evaluate 28 + -61 + 49 - (-15 - 0).
31
What is 1 + -7 - (0 + -9)?
3
(-2 - -12) + -32 + 32 + -33
-23
What is the value of (3 - (16 + -4 + -2)) + 1?
-6
-231 - -209 - (-1 + -29)
8
Evaluate (2 - -6) + -7 - (0 + -2).
3
Calculate -39 + 26 + (29 - -1).
17
What is 2 + -2 + (-19 + 8 - -10)?
-1
Evaluate -4 - -5 - -1 - (7 - 12).
7
23 + 12 + (-37 - -6)
4
Calculate (-4 - -2 - -16) + (-40 + -12 - -51).
13
-3 - (4 + 4 + (6 - 33))
16
Evaluate -19 + (28 - 28) + (1 - (-3 + 2)).
-17
What is the value of -25 + 35 + -48 - -56?
18
Evaluate -16 + (3 + (-15 - -7) - -48).
27
Calculate 6 + 9 + (-29 - 1) + 39 + -30.
-6
Calculate -5 + 9 + 2 - -8 - 2.
12
(8 - 11) + 7 - -1 - 8
-3
What is the value of 8 - (-1 + 1 + -9 + (14 - -2))?
1
(84 - 30 - 19) + -65
-30
-1 + -5 + 3 + -24 + 25 + -9
-11
Calculate -8 + 10 + 7 + (1 - 31).
-21
What is (-13 - -7) + 3 + (6 - (25 + -8))?
-14
Evaluate 24 - (15 + -3 - -3).
9
What is 50 - 46 - ((4 - 9) + 1)?
8
Calculate 5 + -7 - (20 + (-4 - 0)).
-18
(8 - 16) + 14 - (-7 - -26)
-13
Calculate 8 + -15 - (-2 + -18 + (11 - 10)).
12
What is the value of 21 + -1 + -19 - -6?
7
Evaluate -23 - (6 + 27 + -39).
-17
What is -1 - (-8 + (-8 + (-6 - -6) - -16))?
-1
What is the value of 48 + 3 + 14 + -50?
15
Calculate (1 - -4) + 10 + (-13 - (-10 + 1)).
11
What is the value of 4 + (22 - 13 - (0 - -17 - 2))?
-2
Calculate (-273 - -284) + (1 - -8) + (-2 - 0).
18
What is the value of -2 + (2 - (7 + -12 - 0)) - -5?
10
Evaluate (12 - 23) + (-13 - (-5 - -2)).
-21
Calculate -5 - ((2 - (33 + 10)) + -5).
41
What is -7 + (-37 + 40 - (12 + -1))?
-15
What is the value of 26 + -37 + 36 - 31?
-6
Evaluate (0 - (-7 + 13)) + 7.
1
What is (4 - -2) + -55 + 70?
21
What is -10 + (1 - 14 - -6) + 7?
-10
What is the value of 19 - (7 + 3 + 2) - -9?
16
Evaluate -7 + (-5 - -2 - -2).
-8
-17 + (40 + (4 - -16) - 17)
26
Calculate 20 + 6 + -9 + 15 + -5.
27
What 